*2 - 4*p - 15. Give c(-2).
401
Let c(p) = 583*p + 288579. What is c(-495)?
-6
Let l(f) = -8370*f - 150657. Determine l(-18).
3
Let f(o) = o**2 + 150*o + 5245. What is f(-98)?
149
Let a(i) = -2*i**3 - 20*i**2 - 54*i + 8. Determine a(-11).
844
Let v(o) = 470*o**2 + 7015*o - 575. Calculate v(-15).
-50
Let i(f) = -5*f**2 + 2738*f - 122156. Give i(49).
1
Let s(v) = 2*v**2 - 221*v + 74. Determine s(110).
-36
Let p(l) = 2*l**3 + 46*l**2 - 1088*l + 2006. Give p(-38).
30
Let q(a) = a**2 - 4576*a + 13724. Calculate q(3).
5
Let f(q) = 70*q**2 + 1345*q + 5116. Calculate f(-14).
6
Let t(l) = -7*l**2 + 1111*l - 1724. What is t(157)?
160
Let o(k) = k**3 + 8*k**2 - 2440*k - 12219. Calculate o(-5).
56
Let d(q) = -1577*q + 2662. Give d(2).
-492
Let d(z) = 66*z**3 + 164*z**2 - 123*z - 60. What is d(-3)?
3
Let l(w) = 236499*w - 2838046. Determine l(12).
-58
Let g(o) = 2*o**3 + 237*o**2 + 854*o + 176549. Determine g(-121).
10
Let w(o) = -o**2 - 923*o + 98751. What is w(97)?
-189
Let l(y) = 67710*y - 947932. What is l(14)?
8
Let g(q) = -471913*q - 2831461. What is g(-6)?
17
Let v(h) = 17*h**3 + 17*h**2 + 32*h + 12. Give v(-7).
-5210
Let j(s) = -4*s**2 - 1373*s + 4154. Give j(3).
-1
Let a(n) = -7474*n + 37363. Give a(5).
-7
Let x(j) = j**2 - 625*j - 41128. Calculate x(-59).
-772
Let n(q) = -143*q + 5204. Determine n(36).
56
Let b(g) = -g**3 - 26*g**2 + 1173*g - 661. Give b(26).
-5315
Let d(c) = 2*c**2 + 124*c - 954. Calculate d(8).
166
Let w(y) = 128948*y + 773797. Determine w(-6).
109
Let y(g) = -12604*g - 781436. Calculate y(-62).
12
Let t(x) = x**2 + 848*x - 111820. What is t(-964)?
4
Let j(o) = 27*o**2 - 1813*o - 7357. Calculate j(71).
27
Let v(f) = -277*f**2 - 1657*f + 39. Determine v(-6).
9
Let c(q) = q**3 - 11*q**2 - 1250*q + 10053. Determine c(8).
-139
Let s(o) = 452*o - 10427. What is s(21)?
-935
Let w(d) = 39*d + 2548. Determine w(-89).
-923
Let i(w) = 50*w**2 - 60915*w + 18266. Calculate i(1218).
-4
Let n(l) = -l**3 + 32*l**2 - 296*l + 1015. Give n(19).
84
Let v(b) = 1610*b + 49698. What is v(-31)?
-212
Let t(j) = 657*j + 20008. What is t(-30)?
298
Let m(r) = -3*r**2 - 15*r - 70. What is m(-10)?
-220
Let x(s) = -s**3 + 241*s**2 - 2477*s - 12186. Give x(230).
4
Let x(l) = l**3 - 293*l**2 + 2690*l + 4495. What is x(11)?
-37
Let k(i) = 6541*i + 111156. Calculate k(-17).
-41
Let o(q) = -q**3 + 606*q**2 + 1391*q - 1569789. Determine o(604).
7
Let j(n) = -41*n**2 - 1810*n - 189. Calculate j(-44).
75
Let b(r) = r**3 + 44*r**2 - 387*r - 1474. Give b(-51).
56
Let x(z) = 2731*z - 60523. Determine x(24).
5021
Let h(w) = 7*w**3 - 188*w**2 + 116*w + 54. What is h(26)?
-986
Let j(l) = -1396*l - 15354. What is j(-11)?
2
Let y(b) = b**3 - 73*b**2 + 101*b + 238. Calculate y(72).
2326
Let u(m) = 1190*m - 98177. Give u(82).
-597
Let q(h) = -401*h - 2307. Calculate q(-3).
-1104
Let q(w) = -w**2 - 10*w - 25. What is q(-10)?
-25
Let r(y) = -y**3 + 12*y**2 + 4415*y - 48704. Determine r(11).
-18
Let b(t) = -2156*t + 21774. Calculate b(10).
214
Let a(t) = 5*t**2 - 205*t + 2233. Calculate a(12).
493
Let w(h) = h**2 - 37*h. Calculate w(85).
4080
Let d(h) = 2570*h - 18328. Give d(7).
-338
Let i(h) = 4*h**3 - 788*h**2 + 777*h + 329. Calculate i(196).
-1043
Let c(m) = 55*m**2 + 972*m + 4836. Determine c(-5).
1351
Let b(l) = 990*l + 63254. Calculate b(-64).
-106
Let g(u) = -298*u + 7509. Calculate g(26).
-239
Let c(u) = -135*u**2 - 1124*u - 2336. Give c(-4).
0
Let t(p) = -1260*p - 2777. What is t(-2)?
-257
Let v(c) = 1811*c - 164800. Calculate v(91).
1
Let a(k) = k**3 - 137*k**2 + 615*k - 11662. Calculate a(133).
-623
Let g(m) = 2723*m + 5316. Give g(-2).
-130
Let b(c) = c**3 + 643*c**2 - 10531*c - 34. What is b(16)?
174
Let v(n) = -n**3 - 122*n**2 - 2124*n - 907. Determine v(-101).
-604
Let p(g) = -g**2 + 8805*g - 507255. Give p(58).
71
Let d(k) = 3*k**2 - 6155*k - 283058. Give d(-45).
-8
Let t(y) = y**2 + 129*y + 3490. Determine t(-37).
86
Let f(r) = 3*r**3 + 26*r**2 + 92*r + 64. Determine f(-4).
-80
Let y(g) = -29*g**2 - 4025*g + 841. Give y(-139).
7
Let o(g) = g**3 - 209*g**2 - 225*g + 3430. Calculate o(210).
280
Let i(z) = z**3 + 47*z**2 - 302*z - 2188. Determine i(-52).
-4
Let s(n) = -19*n - 6396. Give s(-344).
140
Let u(r) = -27*r**2 + 188*r - 28. What is u(9)?
-523
Let t(x) = -5*x**2 + 7027*x - 480023. Calculate t(72).
1
Let k(r) = -4*r**2 + 199*r - 1675. Give k(39).
2
Let l(h) = 83*h + 5553. Determine l(-67).
-8
Let p(u) = -1671*u + 140152. Calculate p(84).
-212
Let c(y) = 2605*y + 57315. Determine c(-22).
5
Let z(f) = f**3 + 59*f**2 - 15*f - 4436. Determine z(-58).
-202
Let a(t) = 675*t + 2874. What is a(-4)?
174
Let b(u) = -13*u**2 - 34*u + 5. What is b(10)?
-1635
Let v(m) = -m**3 - 52*m**2 + 13482*m + 701087. Determine v(-52).
23
Let d(c) = -1639*c - 15074. What is d(-9)?
-323
Let z(p) = p**3 - p**2 - 5*p - 837. Calculate z(0).
-837
Let c(j) = -94*j - 987. Give c(-34).
2209
Let a(f) = -2*f**3 + 33*f**2 - 160*f + 853. Give a(13).
-44
Let g(r) = -5496*r - 593588. Calculate g(-108).
-20
Let n(t) = -455*t - 50585. Give n(-111).
-80
Let r(w) = 174299*w - 2440201. Calculate r(14).
-15
Let p(u) = 547*u - 208801. Calculate p(381).
-394
Let b(x) = 76*x + 525. What is b(-20)?
-995
Let g(i) = -1307*i + 11776. Give g(9).
13
Let d(z) = -23993*z - 1007507. What is d(-42)?
199
Let v(q) = 863*q**2 - 796*q - 57. Calculate v(1).
10
Let k(j) = -11461*j - 194833. Determine k(-17).
4
Let f(n) = -2*n**3 - 757*n**2 - 411*n - 12777. Give f(-378).
-303
Let k(a) = -a**3 - 54*a**2 - 80*a + 117. What is k(-53)?
1548
Let w(q) = 29*q**3 + 348*q**2 - 5*q - 204. What is w(-12)?
-144
Let f(t) = 1528*t - 92963. Give f(61).
245
Let o(h) = -h**3 + 121*h**2 + 342*h + 2997. Determine o(124).
-723
Let t(m) = m**3 - 9*m**2 - 1211*m + 8516. Determine t(7).
-59
Let w(m) = 2*m**3 - 73*m**2 - 109*m + 106. Determine w(38).
296
Let z(p) = 1101*p - 33. Calculate z(1).
1068
Let n(v) = v**2 + 1991*v + 93283. Determine n(-48).
19
Let h(b) = 10*b**2 - 75*b - 295. Calculate h(-3).
20
Let b(d) = 6*d**2 - 543*d + 2418. Determine b(89).
1617
Let o(j) = 5*j**3 - 35*j**2 + 2*j - 77. What is o(11)?
2365
Let r(x) = 4830*x - 3598322. Calculate r(745).
28
Let l(d) = 1418*d**2 + 23098*d + 6566. Give l(-16).
6
Let h(f) = -1851*f**3 + f**2 + 385*f + 386. Give h(-1).
1853
Let n(u) = -u**2 - 509*u + 123151. Calculate n(179).
-1
Let f(v) = -30*v**2 + 3481*v - 852. Determine f(116).
-736
Let v(g) = -115*g - 541. Determine v(-8).
379
Let k(a) = 486*a**2 + 113721*a - 407. Give k(-234).
295
Let n(j) = -j**2 + 1960*j + 92335. Calculate n(-46).
59
Let j(n) = 357*n**2 + 23535*n + 96. Give j(-66).
1878
Let i(q) = -q**3 - 24*q**2 + 157*q + 220. Determine i(-29).
-128
Let j(o) = -5188*o - 1784699. Give j(-344).
-27
Let z(y) = 2*y**3 - 27*y**2 + 203*y - 2054. What is z(11)?
-426
Let p(f) = f**3 + 207*f**2 - 2540*f - 176294. What is p(-215)?
6
Let c(g) = 22*g**3 + 10*g**2 + 228*g + 622. Determine c(-3).
-566
Let a(z) = 63*z**2 - 3506*z - 1237. Give a(56).
-5
Let t(k) = k**3 + 22*k**2 - 49*k - 9. Determine t(3).
69
Let z(o) = -110*o**2 - 25*o - 47. What is z(-3)?
-962
Let b(q) = 116*q + 5379. Calculate b(-45).
159
Let t(g) = 7*g**2 + 102*g + 294. Give t(-4).
-2
Let u(d) = 138*d - 20602. Give u(161).
1616
Let k(i) = 6651*i - 1489838. Determine k(224).
-14
Let y(v) = 3*v**2 - 2727523*v + 27274927. Calculate y(10).
-3
Let f(o) = -o**3 + 253*o**2 - 244*o + 126495. What is f(254)?
3
Let b(w) = 2*w**3 + 3*w**2 + 33*w - 71. Calculate b(4).
237
Let i(z) = z**3 - 98*z**2 - 330*z + 2706. Determine i(101).
-21
Let z(h) = 2350*h - 6967. Determine z(3).
83
Let v(u) = 2*u**3 + 14*u**2 - 826*u - 10. Determine v(-24).
230
Let k(i) = 55*i**2 + 1589*i - 9430. Give k(6).
2084
Let j(c) = 10236*c + 706421. Give j(-69).
137
Let g(w) = -2*w**2 - 211*w - 2410. What is g(-92)?
74
Let d(k) = 2*k**3 + 216*k**2 + 226*k - 405. Determine d(-107).
-1689
Let o(s) = 6*s**2 - 1054*s - 2460. What is o(178)?
32
Let r(n) = 9*n**2 - 550*n + 155. What is r(63)?
1226
Let j(v) = v**3 + 21*v**2 - 342*v - 31. Calculate j(12).
617
Let n(i) = -i**3 - 138*i**2 - 3378*i + 1487. Calculate n(-106).
3
Let r(f) = f**2 - 400872*f - 6013290. Determine r(-15).
15
Let j(o) = -18*o + 985. Calculate j(-74).
2317
Let w(z) = -133*z**2 - 850*z + 5. Determine w(-3).
1358
Let q(p) = -5*p**3 - 11*p**2 - 553*p